{"id":12606,"date":"2022-05-02T10:03:00","date_gmt":"2022-05-02T08:03:00","guid":{"rendered":"https:\/\/oamrvalcea.ro\/?post_type=tribe_events&#038;p=12606"},"modified":"2022-06-08T10:21:46","modified_gmt":"2022-06-08T08:21:46","slug":"inscriere-ziua-1-conferinta-nationala-zilele-medicale-valcene-editia-a-xv-a","status":"publish","type":"tribe_events","link":"https:\/\/oamrvalcea.ro\/index.php\/manifestare\/inscriere-ziua-1-conferinta-nationala-zilele-medicale-valcene-editia-a-xv-a\/","title":{"rendered":"\u00censcriere Ziua 1 &#8211; CONFERIN\u021aA NA\u021aIONAL\u0102 \u201eZilele Medicale V\u00e2lcene\u201d , edi\u021bia a XV-a"},"content":{"rendered":"<p>Ordinul Asisten\u021bilor Medicali Generali\u0219ti, Moa\u0219elor \u0219i Asisten\u021bilor Medicali din Rom\u00e2nia &#8211; Filiala V\u00e2lcea \u0219i Colegiul Medicilor V\u00e2lcea organizeaz\u0103 \u00een perioada 13-15 mai 2022 CONFERIN\u021aA NA\u021aIONAL\u0102 \u201eZilele Medicale V\u00e2lcene\u201d , edi\u021bia a XV-a .<\/p>\n<p>Manifestarea se va desf\u0103\u0219ura la hotel RAMADA din Rm. V\u00e2lcea, sala ARIA (etaj 1) \u0219i este creditat\u0103 cu 15 credite EMC.<\/p>\n<p>\u00censcrierile se pot face prin formularul de mai jos.<\/p>\n<p><code><\/code><\/p>\n","protected":false},"excerpt":{"rendered":"<p>Ordinul Asisten\u021bilor Medicali Generali\u0219ti, Moa\u0219elor \u0219i Asisten\u021bilor Medicali din Rom\u00e2nia &#8211; Filiala V\u00e2lcea \u0219i Colegiul Medicilor V\u00e2lcea organizeaz\u0103 \u00een perioada 13-15 mai 2022 CONFERIN\u021aA NA\u021aIONAL\u0102 \u201eZilele Medicale V\u00e2lcene\u201d , edi\u021bia a XV-a . Manifestarea se va desf\u0103\u0219ura la hotel RAMADA din Rm. V\u00e2lcea, sala ARIA (etaj 1) \u0219i este creditat\u0103 cu 15 credite EMC. \u00censcrierile se [&hellip;]<\/p>\n","protected":false},"author":1,"featured_media":0,"comment_status":"closed","ping_status":"closed","template":"","meta":[],"tags":[],"tribe_events_cat":[],"yoast_head":"<!-- This site is optimized with the Yoast SEO plugin v18.6 - https:\/\/yoast.com\/wordpress\/plugins\/seo\/ -->\n<title>\u00censcriere Ziua 1 - CONFERIN\u021aA NA\u021aIONAL\u0102 \u201eZilele Medicale V\u00e2lcene\u201d , edi\u021bia a XV-a - OAMGMAMR<\/title>\n<meta name=\"robots\" content=\"index, follow, max-snippet:-1, max-image-preview:large, max-video-preview:-1\" \/>\n<link rel=\"canonical\" href=\"https:\/\/oamrvalcea.ro\/index.php\/manifestare\/inscriere-ziua-1-conferinta-nationala-zilele-medicale-valcene-editia-a-xv-a\/\" \/>\n<meta property=\"og:locale\" content=\"en_US\" \/>\n<meta property=\"og:type\" content=\"article\" \/>\n<meta property=\"og:title\" content=\"\u00censcriere Ziua 1 - CONFERIN\u021aA NA\u021aIONAL\u0102 \u201eZilele Medicale V\u00e2lcene\u201d , edi\u021bia a XV-a - OAMGMAMR\" \/>\n<meta property=\"og:description\" content=\"Ordinul Asisten\u021bilor Medicali Generali\u0219ti, Moa\u0219elor \u0219i Asisten\u021bilor Medicali din Rom\u00e2nia &#8211; Filiala V\u00e2lcea \u0219i Colegiul Medicilor V\u00e2lcea organizeaz\u0103 \u00een perioada 13-15 mai 2022 CONFERIN\u021aA NA\u021aIONAL\u0102 \u201eZilele Medicale V\u00e2lcene\u201d , edi\u021bia a XV-a . Manifestarea se va desf\u0103\u0219ura la hotel RAMADA din Rm. V\u00e2lcea, sala ARIA (etaj 1) \u0219i este creditat\u0103 cu 15 credite EMC. \u00censcrierile se [&hellip;]\" \/>\n<meta property=\"og:url\" content=\"https:\/\/oamrvalcea.ro\/index.php\/manifestare\/inscriere-ziua-1-conferinta-nationala-zilele-medicale-valcene-editia-a-xv-a\/\" \/>\n<meta property=\"og:site_name\" content=\"OAMGMAMR\" \/>\n<meta property=\"article:modified_time\" content=\"2022-06-08T08:21:46+00:00\" \/>\n<meta name=\"twitter:card\" content=\"summary_large_image\" \/>\n<script type=\"application\/ld+json\" class=\"yoast-schema-graph\">{\"@context\":\"https:\/\/schema.org\",\"@graph\":[{\"@type\":\"WebSite\",\"@id\":\"https:\/\/oamrvalcea.ro\/#website\",\"url\":\"https:\/\/oamrvalcea.ro\/\",\"name\":\"OAMGMAMR\",\"description\":\"Filiala V\u00e2lcea\",\"potentialAction\":[{\"@type\":\"SearchAction\",\"target\":{\"@type\":\"EntryPoint\",\"urlTemplate\":\"https:\/\/oamrvalcea.ro\/?s={search_term_string}\"},\"query-input\":\"required name=search_term_string\"}],\"inLanguage\":\"en-US\"},{\"@type\":\"WebPage\",\"@id\":\"https:\/\/oamrvalcea.ro\/index.php\/manifestare\/inscriere-ziua-1-conferinta-nationala-zilele-medicale-valcene-editia-a-xv-a\/#webpage\",\"url\":\"https:\/\/oamrvalcea.ro\/index.php\/manifestare\/inscriere-ziua-1-conferinta-nationala-zilele-medicale-valcene-editia-a-xv-a\/\",\"name\":\"\u00censcriere Ziua 1 - CONFERIN\u021aA NA\u021aIONAL\u0102 \u201eZilele Medicale V\u00e2lcene\u201d , edi\u021bia a XV-a - OAMGMAMR\",\"isPartOf\":{\"@id\":\"https:\/\/oamrvalcea.ro\/#website\"},\"datePublished\":\"2022-05-02T08:03:00+00:00\",\"dateModified\":\"2022-06-08T08:21:46+00:00\",\"breadcrumb\":{\"@id\":\"https:\/\/oamrvalcea.ro\/index.php\/manifestare\/inscriere-ziua-1-conferinta-nationala-zilele-medicale-valcene-editia-a-xv-a\/#breadcrumb\"},\"inLanguage\":\"en-US\",\"potentialAction\":[{\"@type\":\"ReadAction\",\"target\":[\"https:\/\/oamrvalcea.ro\/index.php\/manifestare\/inscriere-ziua-1-conferinta-nationala-zilele-medicale-valcene-editia-a-xv-a\/\"]}]},{\"@type\":\"BreadcrumbList\",\"@id\":\"https:\/\/oamrvalcea.ro\/index.php\/manifestare\/inscriere-ziua-1-conferinta-nationala-zilele-medicale-valcene-editia-a-xv-a\/#breadcrumb\",\"itemListElement\":[{\"@type\":\"ListItem\",\"position\":1,\"name\":\"Home\",\"item\":\"https:\/\/oamrvalcea.ro\/\"},{\"@type\":\"ListItem\",\"position\":2,\"name\":\"Events\",\"item\":\"https:\/\/oamrvalcea.ro\/index.php\/manifestari\/\"},{\"@type\":\"ListItem\",\"position\":3,\"name\":\"\u00censcriere Ziua 1 &#8211; CONFERIN\u021aA NA\u021aIONAL\u0102 \u201eZilele Medicale V\u00e2lcene\u201d , edi\u021bia a XV-a\"}]}]}<\/script>\n<!-- \/ Yoast SEO plugin. -->","yoast_head_json":{"title":"\u00censcriere Ziua 1 - CONFERIN\u021aA NA\u021aIONAL\u0102 \u201eZilele Medicale V\u00e2lcene\u201d , edi\u021bia a XV-a - OAMGMAMR","robots":{"index":"index","follow":"follow","max-snippet":"max-snippet:-1","max-image-preview":"max-image-preview:large","max-video-preview":"max-video-preview:-1"},"canonical":"https:\/\/oamrvalcea.ro\/index.php\/manifestare\/inscriere-ziua-1-conferinta-nationala-zilele-medicale-valcene-editia-a-xv-a\/","og_locale":"en_US","og_type":"article","og_title":"\u00censcriere Ziua 1 - CONFERIN\u021aA NA\u021aIONAL\u0102 \u201eZilele Medicale V\u00e2lcene\u201d , edi\u021bia a XV-a - OAMGMAMR","og_description":"Ordinul Asisten\u021bilor Medicali Generali\u0219ti, Moa\u0219elor \u0219i Asisten\u021bilor Medicali din Rom\u00e2nia &#8211; Filiala V\u00e2lcea \u0219i Colegiul Medicilor V\u00e2lcea organizeaz\u0103 \u00een perioada 13-15 mai 2022 CONFERIN\u021aA NA\u021aIONAL\u0102 \u201eZilele Medicale V\u00e2lcene\u201d , edi\u021bia a XV-a . Manifestarea se va desf\u0103\u0219ura la hotel RAMADA din Rm. V\u00e2lcea, sala ARIA (etaj 1) \u0219i este creditat\u0103 cu 15 credite EMC. \u00censcrierile se [&hellip;]","og_url":"https:\/\/oamrvalcea.ro\/index.php\/manifestare\/inscriere-ziua-1-conferinta-nationala-zilele-medicale-valcene-editia-a-xv-a\/","og_site_name":"OAMGMAMR","article_modified_time":"2022-06-08T08:21:46+00:00","twitter_card":"summary_large_image","schema":{"@context":"https:\/\/schema.org","@graph":[{"@type":"WebSite","@id":"https:\/\/oamrvalcea.ro\/#website","url":"https:\/\/oamrvalcea.ro\/","name":"OAMGMAMR","description":"Filiala V\u00e2lcea","potentialAction":[{"@type":"SearchAction","target":{"@type":"EntryPoint","urlTemplate":"https:\/\/oamrvalcea.ro\/?s={search_term_string}"},"query-input":"required name=search_term_string"}],"inLanguage":"en-US"},{"@type":"WebPage","@id":"https:\/\/oamrvalcea.ro\/index.php\/manifestare\/inscriere-ziua-1-conferinta-nationala-zilele-medicale-valcene-editia-a-xv-a\/#webpage","url":"https:\/\/oamrvalcea.ro\/index.php\/manifestare\/inscriere-ziua-1-conferinta-nationala-zilele-medicale-valcene-editia-a-xv-a\/","name":"\u00censcriere Ziua 1 - CONFERIN\u021aA NA\u021aIONAL\u0102 \u201eZilele Medicale V\u00e2lcene\u201d , edi\u021bia a XV-a - OAMGMAMR","isPartOf":{"@id":"https:\/\/oamrvalcea.ro\/#website"},"datePublished":"2022-05-02T08:03:00+00:00","dateModified":"2022-06-08T08:21:46+00:00","breadcrumb":{"@id":"https:\/\/oamrvalcea.ro\/index.php\/manifestare\/inscriere-ziua-1-conferinta-nationala-zilele-medicale-valcene-editia-a-xv-a\/#breadcrumb"},"inLanguage":"en-US","potentialAction":[{"@type":"ReadAction","target":["https:\/\/oamrvalcea.ro\/index.php\/manifestare\/inscriere-ziua-1-conferinta-nationala-zilele-medicale-valcene-editia-a-xv-a\/"]}]},{"@type":"BreadcrumbList","@id":"https:\/\/oamrvalcea.ro\/index.php\/manifestare\/inscriere-ziua-1-conferinta-nationala-zilele-medicale-valcene-editia-a-xv-a\/#breadcrumb","itemListElement":[{"@type":"ListItem","position":1,"name":"Home","item":"https:\/\/oamrvalcea.ro\/"},{"@type":"ListItem","position":2,"name":"Events","item":"https:\/\/oamrvalcea.ro\/index.php\/manifestari\/"},{"@type":"ListItem","position":3,"name":"\u00censcriere Ziua 1 &#8211; CONFERIN\u021aA NA\u021aIONAL\u0102 \u201eZilele Medicale V\u00e2lcene\u201d , edi\u021bia a XV-a"}]}]}},"_links":{"self":[{"href":"https:\/\/oamrvalcea.ro\/index.php\/wp-json\/wp\/v2\/tribe_events\/12606"}],"collection":[{"href":"https:\/\/oamrvalcea.ro\/index.php\/wp-json\/wp\/v2\/tribe_events"}],"about":[{"href":"https:\/\/oamrvalcea.ro\/index.php\/wp-json\/wp\/v2\/types\/tribe_events"}],"author":[{"embeddable":true,"href":"https:\/\/oamrvalcea.ro\/index.php\/wp-json\/wp\/v2\/users\/1"}],"replies":[{"embeddable":true,"href":"https:\/\/oamrvalcea.ro\/index.php\/wp-json\/wp\/v2\/comments?post=12606"}],"version-history":[{"count":7,"href":"https:\/\/oamrvalcea.ro\/index.php\/wp-json\/wp\/v2\/tribe_events\/12606\/revisions"}],"predecessor-version":[{"id":12640,"href":"https:\/\/oamrvalcea.ro\/index.php\/wp-json\/wp\/v2\/tribe_events\/12606\/revisions\/12640"}],"wp:attachment":[{"href":"https:\/\/oamrvalcea.ro\/index.php\/wp-json\/wp\/v2\/media?parent=12606"}],"wp:term":[{"taxonomy":"post_tag","embeddable":true,"href":"https:\/\/oamrvalcea.ro\/index.php\/wp-json\/wp\/v2\/tags?post=12606"},{"taxonomy":"tribe_events_cat","embeddable":true,"href":"https:\/\/oamrvalcea.ro\/index.php\/wp-json\/wp\/v2\/tribe_events_cat?post=12606"}],"curies":[{"name":"wp","href":"https:\/\/api.w.org\/{rel}","templated":true}]}}

Înscriere Ziua 1 &#8211; CONFERINȚA NAȚIONALĂ „Zilele Medicale Vâlcene” , ediția a XV-a

<p>Ordinul Asistenților Medicali Generaliști, Moașelor și Asistenților Medicali din România &#8211; Filiala Vâlcea și Colegiul Medicilor Vâlcea organizează în perioada 13-15 mai 2022 CONFERINȚA NAȚIONALĂ „Zilele Medicale Vâlcene” , ediția a XV-a .</p>
<p>Manifestarea se va desfășura la hotel RAMADA din Rm. Vâlcea, sala ARIA (etaj 1) și este creditată cu 15 credite EMC.</p>
<p>Înscrierile se pot face prin formularul de mai jos.</p>
<p><code></code></p>

<p>Ordinul Asistenților Medicali Generaliști, Moașelor și Asistenților Medicali din România &#8211; Filiala Vâlcea și Colegiul Medicilor Vâlcea organizează în perioada 13-15 mai 2022 CONFERINȚA NAȚIONALĂ „Zilele Medicale Vâlcene” , ediția a XV-a . Manifestarea se va desfășura la hotel RAMADA din Rm. Vâlcea, sala ARIA (etaj 1) și este creditată cu 15 credite EMC. Înscrierile se [&hellip;]</p>

<!-- This site is optimized with the Yoast SEO plugin v18.6 - https://yoast.com/wordpress/plugins/seo/ -->
<title>Înscriere Ziua 1 - CONFERINȚA NAȚIONALĂ „Zilele Medicale Vâlcene” , ediția a XV-a - OAMGMAMR</title>
<meta name="robots" content="index, follow, max-snippet:-1, max-image-preview:large, max-video-preview:-1" />
<link rel="canonical" href="https://oamrvalcea.ro/index.php/manifestare/inscriere-ziua-1-conferinta-nationala-zilele-medicale-valcene-editia-a-xv-a/" />
<meta property="og:locale" content="en_US" />
<meta property="og:type" content="article" />
<meta property="og:title" content="Înscriere Ziua 1 - CONFERINȚA NAȚIONALĂ „Zilele Medicale Vâlcene” , ediția a XV-a - OAMGMAMR" />
<meta property="og:description" content="Ordinul Asistenților Medicali Generaliști, Moașelor și Asistenților Medicali din România &#8211; Filiala Vâlcea și Colegiul Medicilor Vâlcea organizează în perioada 13-15 mai 2022 CONFERINȚA NAȚIONALĂ „Zilele Medicale Vâlcene” , ediția a XV-a . Manifestarea se va desfășura la hotel RAMADA din Rm. Vâlcea, sala ARIA (etaj 1) și este creditată cu 15 credite EMC. Înscrierile se [&hellip;]" />
<meta property="og:url" content="https://oamrvalcea.ro/index.php/manifestare/inscriere-ziua-1-conferinta-nationala-zilele-medicale-valcene-editia-a-xv-a/" />
<meta property="og:site_name" content="OAMGMAMR" />
<meta property="article:modified_time" content="2022-06-08T08:21:46+00:00" />
<meta name="twitter:card" content="summary_large_image" />
<script type="application/ld+json" class="yoast-schema-graph">{"@context":"https://schema.org","@graph":[{"@type":"WebSite","@id":"https://oamrvalcea.ro/#website","url":"https://oamrvalcea.ro/","name":"OAMGMAMR","description":"Filiala Vâlcea","potentialAction":[{"@type":"SearchAction","target":{"@type":"EntryPoint","urlTemplate":"https://oamrvalcea.ro/?s={search_term_string}"},"query-input":"required name=search_term_string"}],"inLanguage":"en-US"},{"@type":"WebPage","@id":"https://oamrvalcea.ro/index.php/manifestare/inscriere-ziua-1-conferinta-nationala-zilele-medicale-valcene-editia-a-xv-a/#webpage","url":"https://oamrvalcea.ro/index.php/manifestare/inscriere-ziua-1-conferinta-nationala-zilele-medicale-valcene-editia-a-xv-a/","name":"Înscriere Ziua 1 - CONFERINȚA NAȚIONALĂ „Zilele Medicale Vâlcene” , ediția a XV-a - OAMGMAMR","isPartOf":{"@id":"https://oamrvalcea.ro/#website"},"datePublished":"2022-05-02T08:03:00+00:00","dateModified":"2022-06-08T08:21:46+00:00","breadcrumb":{"@id":"https://oamrvalcea.ro/index.php/manifestare/inscriere-ziua-1-conferinta-nationala-zilele-medicale-valcene-editia-a-xv-a/#breadcrumb"},"inLanguage":"en-US","potentialAction":[{"@type":"ReadAction","target":["https://oamrvalcea.ro/index.php/manifestare/inscriere-ziua-1-conferinta-nationala-zilele-medicale-valcene-editia-a-xv-a/"]}]},{"@type":"BreadcrumbList","@id":"https://oamrvalcea.ro/index.php/manifestare/inscriere-ziua-1-conferinta-nationala-zilele-medicale-valcene-editia-a-xv-a/#breadcrumb","itemListElement":[{"@type":"ListItem","position":1,"name":"Home","item":"https://oamrvalcea.ro/"},{"@type":"ListItem","position":2,"name":"Events","item":"https://oamrvalcea.ro/index.php/manifestari/"},{"@type":"ListItem","position":3,"name":"Înscriere Ziua 1 &#8211; CONFERINȚA NAȚIONALĂ „Zilele Medicale Vâlcene” , ediția a XV-a"}]}]}</script>
<!-- / Yoast SEO plugin. -->

Înscriere Ziua 1 - CONFERINȚA NAȚIONALĂ „Zilele Medicale Vâlcene” , ediția a XV-a - OAMGMAMR

Ordinul Asistenților Medicali Generaliști, Moașelor și Asistenților Medicali din România &#8211; Filiala Vâlcea și Colegiul Medicilor Vâlcea organizează în perioada 13-15 mai 2022 CONFERINȚA NAȚIONALĂ „Zilele Medicale Vâlcene” , ediția a XV-a . Manifestarea se va desfășura la hotel RAMADA din Rm. Vâlcea, sala ARIA (etaj 1) și este creditată cu 15 credite EMC. Înscrierile se [&hellip;]

Filiala Vâlcea
