{"id":86,"date":"2012-07-31T02:17:58","date_gmt":"2012-07-31T02:17:58","guid":{"rendered":"https:\/\/avada.theme-fusion.com\/?page_id=86"},"modified":"2024-09-03T12:45:03","modified_gmt":"2024-09-03T10:45:03","slug":"contact","status":"publish","type":"page","link":"https:\/\/oamrvalcea.ro\/index.php\/contact\/","title":{"rendered":"Contact"},"content":{"rendered":"<div class=\"fusion-fullwidth fullwidth-box nonhundred-percent-fullwidth non-hundred-percent-height-scrolling\"  style='background-color: #ffffff;background-position: center center;background-repeat: no-repeat;padding-top:0px;padding-right:0px;padding-bottom:0px;padding-left:0px;'><div class=\"fusion-builder-row fusion-row \"><div  class=\"fusion-layout-column fusion_builder_column fusion_builder_column_1_1  fusion-one-full fusion-column-first fusion-column-last 1_1\"  style='margin-top:0px;margin-bottom:0px;'>\n\t\t\t\t\t<div class=\"fusion-column-wrapper\" style=\"padding: 0px 0px 0px 0px;background-position:left top;background-repeat:no-repeat;-webkit-background-size:cover;-moz-background-size:cover;-o-background-size:cover;background-size:cover;\"   data-bg-url=\"\">\n\t\t\t\t\t\t<div class=\"fusion-text\"><p style=\"text-align: center;\"><strong>PROGRAM DE LUCRU CU PUBLICUL<\/strong><\/p>\n<pre style=\"text-align: center;\">LUNI: 08:00 - 14:00\r\nMAR\u021aI: 08:00 - 14:00\r\nMIERCURI: 08:00 - 14:00\r\nJOI: 08:00 - 14:00\r\nVINERI: 08:00 - 14:00<\/pre>\n<p style=\"text-align: center;\"><strong>PROGRAM DE LUCRU<\/strong><\/p>\n<pre style=\"text-align: center;\">LUNI: 07:30 - 16:00\r\nMAR\u021aI: 07:30 - 16:00\r\nMIERCURI: 07:30 - 16:00\r\nJOI: 07:30 - 16:00\r\nVINERI: 08:00 - 14:30\r\n<\/pre>\n<\/div><div class=\"fusion-text\"><p style=\"text-align: center;\">Dorim s\u0103 af\u0103m \u00eentreb\u0103rile sau nemul\u021bumirile dvs. Contacta\u021bi-ne!<\/p>\n<p style=\"text-align: center;\">Pute\u021bi afla r\u0103spunsul la \u00eentrebarea dvs. \u0219i prin <a href=\"https:\/\/suportoamr.ro\">https:\/\/suportoamr.ro<\/a><\/p>\n<\/div><div class=\"fusion-clearfix\"><\/div>\n\n\t\t\t\t\t<\/div>\n\t\t\t\t<\/div><div  class=\"fusion-layout-column fusion_builder_column fusion_builder_column_1_1  fusion-one-full fusion-column-first fusion-column-last fusion-column-no-min-height 1_1\"  style='margin-top:0px;margin-bottom:0px;'>\n\t\t\t\t\t<div class=\"fusion-column-wrapper\" style=\"padding: 0px 0px 0px 0px;background-position:left top;background-repeat:no-repeat;-webkit-background-size:cover;-moz-background-size:cover;-o-background-size:cover;background-size:cover;\"   data-bg-url=\"\">\n\t\t\t\t\t\t<div class=\"fusion-text\"><p style=\"text-align: center;\">Parerea fiecaruia dintre dvs. conteaza pentru noi. Va incurajam sa ne scrieti orice intrebare aveti!<\/p>\n<\/div><div class=\"fusion-sep-clear\"><\/div><div class=\"fusion-separator fusion-full-width-sep sep-none\" style=\"margin-left: auto;margin-right: auto;margin-top:20px;\"><\/div><div class=\"fusion-clearfix\"><\/div>\n\n\t\t\t\t\t<\/div>\n\t\t\t\t<\/div><\/div><\/div>\n","protected":false},"excerpt":{"rendered":"","protected":false},"author":1,"featured_media":0,"parent":0,"menu_order":0,"comment_status":"open","ping_status":"open","template":"contact.php","meta":{"footnotes":""},"yoast_head":"<!-- This site is optimized with the Yoast SEO plugin v18.6 - https:\/\/yoast.com\/wordpress\/plugins\/seo\/ -->\n<title>Contact - OAMGMAMR<\/title>\n<meta name=\"robots\" content=\"index, follow, max-snippet:-1, max-image-preview:large, max-video-preview:-1\" \/>\n<link rel=\"canonical\" href=\"https:\/\/oamrvalcea.ro\/index.php\/contact\/\" \/>\n<meta property=\"og:locale\" content=\"en_US\" \/>\n<meta property=\"og:type\" content=\"article\" \/>\n<meta property=\"og:title\" content=\"Contact - OAMGMAMR\" \/>\n<meta property=\"og:url\" content=\"https:\/\/oamrvalcea.ro\/index.php\/contact\/\" \/>\n<meta property=\"og:site_name\" content=\"OAMGMAMR\" \/>\n<meta property=\"article:modified_time\" content=\"2024-09-03T10:45:03+00:00\" \/>\n<meta name=\"twitter:card\" content=\"summary_large_image\" \/>\n<meta name=\"twitter:label1\" content=\"Est. reading time\" \/>\n\t<meta name=\"twitter:data1\" content=\"2 minutes\" \/>\n<script type=\"application\/ld+json\" class=\"yoast-schema-graph\">{\"@context\":\"https:\/\/schema.org\",\"@graph\":[{\"@type\":\"WebSite\",\"@id\":\"https:\/\/oamrvalcea.ro\/#website\",\"url\":\"https:\/\/oamrvalcea.ro\/\",\"name\":\"OAMGMAMR\",\"description\":\"Filiala V\u00e2lcea\",\"potentialAction\":[{\"@type\":\"SearchAction\",\"target\":{\"@type\":\"EntryPoint\",\"urlTemplate\":\"https:\/\/oamrvalcea.ro\/?s={search_term_string}\"},\"query-input\":\"required name=search_term_string\"}],\"inLanguage\":\"en-US\"},{\"@type\":\"WebPage\",\"@id\":\"https:\/\/oamrvalcea.ro\/index.php\/contact\/#webpage\",\"url\":\"https:\/\/oamrvalcea.ro\/index.php\/contact\/\",\"name\":\"Contact - OAMGMAMR\",\"isPartOf\":{\"@id\":\"https:\/\/oamrvalcea.ro\/#website\"},\"datePublished\":\"2012-07-31T02:17:58+00:00\",\"dateModified\":\"2024-09-03T10:45:03+00:00\",\"breadcrumb\":{\"@id\":\"https:\/\/oamrvalcea.ro\/index.php\/contact\/#breadcrumb\"},\"inLanguage\":\"en-US\",\"potentialAction\":[{\"@type\":\"ReadAction\",\"target\":[\"https:\/\/oamrvalcea.ro\/index.php\/contact\/\"]}]},{\"@type\":\"BreadcrumbList\",\"@id\":\"https:\/\/oamrvalcea.ro\/index.php\/contact\/#breadcrumb\",\"itemListElement\":[{\"@type\":\"ListItem\",\"position\":1,\"name\":\"Home\",\"item\":\"https:\/\/oamrvalcea.ro\/\"},{\"@type\":\"ListItem\",\"position\":2,\"name\":\"Contact\"}]}]}<\/script>\n<!-- \/ Yoast SEO plugin. -->","yoast_head_json":{"title":"Contact - OAMGMAMR","robots":{"index":"index","follow":"follow","max-snippet":"max-snippet:-1","max-image-preview":"max-image-preview:large","max-video-preview":"max-video-preview:-1"},"canonical":"https:\/\/oamrvalcea.ro\/index.php\/contact\/","og_locale":"en_US","og_type":"article","og_title":"Contact - OAMGMAMR","og_url":"https:\/\/oamrvalcea.ro\/index.php\/contact\/","og_site_name":"OAMGMAMR","article_modified_time":"2024-09-03T10:45:03+00:00","twitter_card":"summary_large_image","twitter_misc":{"Est. reading time":"2 minutes"},"schema":{"@context":"https:\/\/schema.org","@graph":[{"@type":"WebSite","@id":"https:\/\/oamrvalcea.ro\/#website","url":"https:\/\/oamrvalcea.ro\/","name":"OAMGMAMR","description":"Filiala V\u00e2lcea","potentialAction":[{"@type":"SearchAction","target":{"@type":"EntryPoint","urlTemplate":"https:\/\/oamrvalcea.ro\/?s={search_term_string}"},"query-input":"required name=search_term_string"}],"inLanguage":"en-US"},{"@type":"WebPage","@id":"https:\/\/oamrvalcea.ro\/index.php\/contact\/#webpage","url":"https:\/\/oamrvalcea.ro\/index.php\/contact\/","name":"Contact - OAMGMAMR","isPartOf":{"@id":"https:\/\/oamrvalcea.ro\/#website"},"datePublished":"2012-07-31T02:17:58+00:00","dateModified":"2024-09-03T10:45:03+00:00","breadcrumb":{"@id":"https:\/\/oamrvalcea.ro\/index.php\/contact\/#breadcrumb"},"inLanguage":"en-US","potentialAction":[{"@type":"ReadAction","target":["https:\/\/oamrvalcea.ro\/index.php\/contact\/"]}]},{"@type":"BreadcrumbList","@id":"https:\/\/oamrvalcea.ro\/index.php\/contact\/#breadcrumb","itemListElement":[{"@type":"ListItem","position":1,"name":"Home","item":"https:\/\/oamrvalcea.ro\/"},{"@type":"ListItem","position":2,"name":"Contact"}]}]}},"_links":{"self":[{"href":"https:\/\/oamrvalcea.ro\/index.php\/wp-json\/wp\/v2\/pages\/86"}],"collection":[{"href":"https:\/\/oamrvalcea.ro\/index.php\/wp-json\/wp\/v2\/pages"}],"about":[{"href":"https:\/\/oamrvalcea.ro\/index.php\/wp-json\/wp\/v2\/types\/page"}],"author":[{"embeddable":true,"href":"https:\/\/oamrvalcea.ro\/index.php\/wp-json\/wp\/v2\/users\/1"}],"replies":[{"embeddable":true,"href":"https:\/\/oamrvalcea.ro\/index.php\/wp-json\/wp\/v2\/comments?post=86"}],"version-history":[{"count":16,"href":"https:\/\/oamrvalcea.ro\/index.php\/wp-json\/wp\/v2\/pages\/86\/revisions"}],"predecessor-version":[{"id":12816,"href":"https:\/\/oamrvalcea.ro\/index.php\/wp-json\/wp\/v2\/pages\/86\/revisions\/12816"}],"wp:attachment":[{"href":"https:\/\/oamrvalcea.ro\/index.php\/wp-json\/wp\/v2\/media?parent=86"}],"curies":[{"name":"wp","href":"https:\/\/api.w.org\/{rel}","templated":true}]}}