{"id":12197,"date":"2019-01-26T18:16:24","date_gmt":"2019-01-26T18:16:24","guid":{"rendered":"http:\/\/oamrvalcea.ro\/?page_id=12197"},"modified":"2019-01-26T18:17:25","modified_gmt":"2019-01-26T18:17:25","slug":"exercitarea-profesiei","status":"publish","type":"page","link":"https:\/\/oamrvalcea.ro\/index.php\/exercitarea-profesiei\/","title":{"rendered":"Exercitarea profesiei"},"content":{"rendered":"<div class=\"fusion-fullwidth fullwidth-box nonhundred-percent-fullwidth non-hundred-percent-height-scrolling\"  style='background-color: #ffffff;background-position: center center;background-repeat: no-repeat;padding-top:0px;padding-right:0px;padding-bottom:0px;padding-left:0px;'><div class=\"fusion-builder-row fusion-row \"><div  class=\"fusion-layout-column fusion_builder_column fusion_builder_column_1_1  fusion-one-full fusion-column-first fusion-column-last 1_1\"  style='margin-top:0px;margin-bottom:20px;'>\n\t\t\t\t\t<div class=\"fusion-column-wrapper\" style=\"padding: 0px 0px 0px 0px;background-position:left top;background-repeat:no-repeat;-webkit-background-size:cover;-moz-background-size:cover;-o-background-size:cover;background-size:cover;\"   data-bg-url=\"\">\n\t\t\t\t\t\t<div class=\"fusion-recent-posts fusion-recent-posts-1 avada-container layout-default layout-columns-3\"><section class=\"fusion-columns columns fusion-columns-3 columns-3\"><article class=\"post fusion-column column col col-lg-4 col-md-4 col-sm-4\"><div class=\"fusion-flexslider flexslider flexslider-hover-type-none\"><ul class=\"slides\"><li><a href=\"https:\/\/oamrvalcea.ro\/index.php\/2026\/04\/15\/inscrieri-zilele-medicale-valcene\/\" class=\"hover-type-none\" aria-label=\"\u00censcrieri \u201eZilele Medicale V\u00e2lcene\u201d\"><img loading=\"lazy\" decoding=\"async\" width=\"700\" height=\"441\" src=\"https:\/\/oamrvalcea.ro\/wp-content\/uploads\/2023\/05\/close-up-shot-of-woman-hand-writing-on-the-paper-a-2021-08-30-16-40-50-utc-700x441.jpg\" class=\"attachment-recent-posts size-recent-posts\" alt=\"\" srcset=\"https:\/\/oamrvalcea.ro\/wp-content\/uploads\/2023\/05\/close-up-shot-of-woman-hand-writing-on-the-paper-a-2021-08-30-16-40-50-utc-320x202.jpg 320w, https:\/\/oamrvalcea.ro\/wp-content\/uploads\/2023\/05\/close-up-shot-of-woman-hand-writing-on-the-paper-a-2021-08-30-16-40-50-utc-700x441.jpg 700w\" sizes=\"(max-width: 700px) 100vw, 700px\" \/><\/a><\/li><\/ul><\/div><div class=\"recent-posts-content\"><span class=\"vcard\" style=\"display: none;\"><span class=\"fn\"><a href=\"https:\/\/oamrvalcea.ro\/index.php\/author\/oamrvalcea\/\" title=\"Posts by Oamr Valcea\" rel=\"author\">Oamr Valcea<\/a><\/span><\/span><span class=\"updated\" style=\"display:none;\">2026-04-15T08:45:29+02:00<\/span><h4 class=\"entry-title\"><a href=\"https:\/\/oamrvalcea.ro\/index.php\/2026\/04\/15\/inscrieri-zilele-medicale-valcene\/\">\u00censcrieri \u201eZilele Medicale V\u00e2lcene\u201d<\/a><\/h4><p class=\"meta\"><span class=\"vcard\" style=\"display: none;\"><span class=\"fn\"><a href=\"https:\/\/oamrvalcea.ro\/index.php\/author\/oamrvalcea\/\" title=\"Posts by Oamr Valcea\" rel=\"author\">Oamr Valcea<\/a><\/span><\/span><span class=\"updated\" style=\"display:none;\">2026-04-15T08:45:29+02:00<\/span><span>April 15th, 2026<\/span><span class=\"fusion-inline-sep\">|<\/span><span class=\"fusion-comments\"><a href=\"https:\/\/oamrvalcea.ro\/index.php\/2026\/04\/15\/inscrieri-zilele-medicale-valcene\/#respond\">0 Comments<\/a><\/span><\/p><p>Stima\u021bi colegi, \u00cen perioada 8, 9 \u0219i 10 mai se vor desf\u0103\u0219ura \u00a0\u201eZilele Medicale V\u00e2lcene\u201d. \u00censcrierile vor \u00eencepe de m\u00e2ine (16.04.2026), \u00een limita locurilor disponibile. V\u0103 \u00eencuraj\u0103m s\u0103 v\u0103 \u00eenscrie\u021bi din timp pentru a v\u0103 [...]<\/p><\/div><\/article><article class=\"post fusion-column column col col-lg-4 col-md-4 col-sm-4\"><div class=\"fusion-flexslider flexslider flexslider-hover-type-none\"><ul class=\"slides\"><li><a href=\"https:\/\/oamrvalcea.ro\/index.php\/2025\/09\/16\/anunt-aviz-2026\/\" class=\"hover-type-none\" aria-label=\"Anun\u021b important &#8211; eliberarea avizului anual pentru anul 2026\"><img loading=\"lazy\" decoding=\"async\" width=\"700\" height=\"441\" src=\"https:\/\/oamrvalcea.ro\/wp-content\/uploads\/2020\/03\/female-nurse-examining-all-the-parameters-in-BNJANMB1-700x441.jpg\" class=\"attachment-recent-posts size-recent-posts\" alt=\"\" srcset=\"https:\/\/oamrvalcea.ro\/wp-content\/uploads\/2020\/03\/female-nurse-examining-all-the-parameters-in-BNJANMB1-320x202.jpg 320w, https:\/\/oamrvalcea.ro\/wp-content\/uploads\/2020\/03\/female-nurse-examining-all-the-parameters-in-BNJANMB1-700x441.jpg 700w\" sizes=\"(max-width: 700px) 100vw, 700px\" \/><\/a><\/li><\/ul><\/div><div class=\"recent-posts-content\"><span class=\"vcard\" style=\"display: none;\"><span class=\"fn\"><a href=\"https:\/\/oamrvalcea.ro\/index.php\/author\/oamrvalcea\/\" title=\"Posts by Oamr Valcea\" rel=\"author\">Oamr Valcea<\/a><\/span><\/span><span class=\"updated\" style=\"display:none;\">2025-09-16T13:37:32+02:00<\/span><h4 class=\"entry-title\"><a href=\"https:\/\/oamrvalcea.ro\/index.php\/2025\/09\/16\/anunt-aviz-2026\/\">Anun\u021b important &#8211; eliberarea avizului anual pentru anul 2026<\/a><\/h4><p class=\"meta\"><span class=\"vcard\" style=\"display: none;\"><span class=\"fn\"><a href=\"https:\/\/oamrvalcea.ro\/index.php\/author\/oamrvalcea\/\" title=\"Posts by Oamr Valcea\" rel=\"author\">Oamr Valcea<\/a><\/span><\/span><span class=\"updated\" style=\"display:none;\">2025-09-16T13:37:32+02:00<\/span><span>September 16th, 2025<\/span><span class=\"fusion-inline-sep\">|<\/span><span class=\"fusion-comments\"><a href=\"https:\/\/oamrvalcea.ro\/index.php\/2025\/09\/16\/anunt-aviz-2026\/#respond\">0 Comments<\/a><\/span><\/p><p>&nbsp; Cerere Aviz 2026 - click pentru desc\u0103rcare &nbsp;<\/p><\/div><\/article><article class=\"post fusion-column column col col-lg-4 col-md-4 col-sm-4\"><div class=\"fusion-flexslider flexslider flexslider-hover-type-none\"><ul class=\"slides\"><li><a href=\"https:\/\/oamrvalcea.ro\/index.php\/2025\/08\/25\/in-atentia-asistentilor-medicali-membri-ai-oamgmamr-filiala-valcea\/\" class=\"hover-type-none\" aria-label=\"\u00cen aten\u021bia asisten\u021bilor medicali, membri ai OAMGMAMR \u2013 Filiala V\u00e2lcea\"><img loading=\"lazy\" decoding=\"async\" width=\"600\" height=\"424\" src=\"https:\/\/oamrvalcea.ro\/wp-content\/uploads\/2025\/07\/anunt-1-600x424-1-copy2024-33424copy.jpg\" class=\"attachment-recent-posts size-recent-posts\" alt=\"\" srcset=\"https:\/\/oamrvalcea.ro\/wp-content\/uploads\/2025\/07\/anunt-1-600x424-1-copy2024-33424copy-200x141.jpg 200w, https:\/\/oamrvalcea.ro\/wp-content\/uploads\/2025\/07\/anunt-1-600x424-1-copy2024-33424copy-300x212.jpg 300w, https:\/\/oamrvalcea.ro\/wp-content\/uploads\/2025\/07\/anunt-1-600x424-1-copy2024-33424copy-400x283.jpg 400w, https:\/\/oamrvalcea.ro\/wp-content\/uploads\/2025\/07\/anunt-1-600x424-1-copy2024-33424copy.jpg 600w\" sizes=\"(max-width: 600px) 100vw, 600px\" \/><\/a><\/li><\/ul><\/div><div class=\"recent-posts-content\"><span class=\"vcard\" style=\"display: none;\"><span class=\"fn\"><a href=\"https:\/\/oamrvalcea.ro\/index.php\/author\/oamrvalcea\/\" title=\"Posts by Oamr Valcea\" rel=\"author\">Oamr Valcea<\/a><\/span><\/span><span class=\"updated\" style=\"display:none;\">2025-08-25T11:08:52+02:00<\/span><h4 class=\"entry-title\"><a href=\"https:\/\/oamrvalcea.ro\/index.php\/2025\/08\/25\/in-atentia-asistentilor-medicali-membri-ai-oamgmamr-filiala-valcea\/\">\u00cen aten\u021bia asisten\u021bilor medicali, membri ai OAMGMAMR \u2013 Filiala V\u00e2lcea<\/a><\/h4><p class=\"meta\"><span class=\"vcard\" style=\"display: none;\"><span class=\"fn\"><a href=\"https:\/\/oamrvalcea.ro\/index.php\/author\/oamrvalcea\/\" title=\"Posts by Oamr Valcea\" rel=\"author\">Oamr Valcea<\/a><\/span><\/span><span class=\"updated\" style=\"display:none;\">2025-08-25T11:08:52+02:00<\/span><span>August 25th, 2025<\/span><span class=\"fusion-inline-sep\">|<\/span><span class=\"fusion-comments\"><a href=\"https:\/\/oamrvalcea.ro\/index.php\/2025\/08\/25\/in-atentia-asistentilor-medicali-membri-ai-oamgmamr-filiala-valcea\/#respond\">0 Comments<\/a><\/span><\/p><p>Examenul de grad principal - Sesiunea 2025, organizat pentru\u00a0asisten\u021bii medicali generali\u0219ti, moa\u0219e, asisten\u021bi medicali, surori medicale \u0219i ofician\u021bi medicali, se va desf\u0103\u0219ura pe data de 04.09.2025, pentru toate specialit\u0103\u021bile, la Facultatea Constantin Br\u00e2ncoveanu, Sala A2. [...]<\/p><\/div><\/article><article class=\"post fusion-column column col col-lg-4 col-md-4 col-sm-4\"><div class=\"fusion-flexslider flexslider flexslider-hover-type-none\"><ul class=\"slides\"><li><a href=\"https:\/\/oamrvalcea.ro\/index.php\/2025\/01\/09\/ordinul-asistentilor-medicali-generalisti-moaselor-si-asistentilor-medicali-din-romania-adera-la-proiectul-fighting-fatigue-together-al-fundatiei-europene-pentru-siguranta-pacientul\/\" class=\"hover-type-none\" aria-label=\"Ordinul Asisten\u021bilor Medicali Generali\u0219ti, Moa\u0219elor \u0219i Asisten\u021bilor Medicali din Rom\u00e2nia ader\u0103 la proiectul \u201eFighting Fatigue Together\u201d al Funda\u021biei Europene pentru Siguran\u021ba Pacientului\"><img loading=\"lazy\" decoding=\"async\" width=\"686\" height=\"441\" src=\"https:\/\/oamrvalcea.ro\/wp-content\/uploads\/2025\/01\/Logo-FFT-686x441.jpg\" class=\"attachment-recent-posts size-recent-posts\" alt=\"\" srcset=\"https:\/\/oamrvalcea.ro\/wp-content\/uploads\/2025\/01\/Logo-FFT-460x295.jpg 460w, https:\/\/oamrvalcea.ro\/wp-content\/uploads\/2025\/01\/Logo-FFT-686x441.jpg 686w\" sizes=\"(max-width: 686px) 100vw, 686px\" \/><\/a><\/li><\/ul><\/div><div class=\"recent-posts-content\"><span class=\"vcard\" style=\"display: none;\"><span class=\"fn\"><a href=\"https:\/\/oamrvalcea.ro\/index.php\/author\/oamrvalcea\/\" title=\"Posts by Oamr Valcea\" rel=\"author\">Oamr Valcea<\/a><\/span><\/span><span class=\"updated\" style=\"display:none;\">2025-01-09T14:24:28+02:00<\/span><h4 class=\"entry-title\"><a href=\"https:\/\/oamrvalcea.ro\/index.php\/2025\/01\/09\/ordinul-asistentilor-medicali-generalisti-moaselor-si-asistentilor-medicali-din-romania-adera-la-proiectul-fighting-fatigue-together-al-fundatiei-europene-pentru-siguranta-pacientul\/\">Ordinul Asisten\u021bilor Medicali Generali\u0219ti, Moa\u0219elor \u0219i Asisten\u021bilor Medicali din Rom\u00e2nia ader\u0103 la proiectul \u201eFighting Fatigue Together\u201d al Funda\u021biei Europene pentru Siguran\u021ba Pacientului<\/a><\/h4><p class=\"meta\"><span class=\"vcard\" style=\"display: none;\"><span class=\"fn\"><a href=\"https:\/\/oamrvalcea.ro\/index.php\/author\/oamrvalcea\/\" title=\"Posts by Oamr Valcea\" rel=\"author\">Oamr Valcea<\/a><\/span><\/span><span class=\"updated\" style=\"display:none;\">2025-01-09T14:24:28+02:00<\/span><span>January 9th, 2025<\/span><span class=\"fusion-inline-sep\">|<\/span><span class=\"fusion-comments\"><a href=\"https:\/\/oamrvalcea.ro\/index.php\/2025\/01\/09\/ordinul-asistentilor-medicali-generalisti-moaselor-si-asistentilor-medicali-din-romania-adera-la-proiectul-fighting-fatigue-together-al-fundatiei-europene-pentru-siguranta-pacientul\/#respond\">0 Comments<\/a><\/span><\/p><p>Ordinul Asisten\u021bilor Medicali Generali\u0219ti, Moa\u0219elor \u0219i Asisten\u021bilor Medicali din Rom\u00e2nia se implic\u0103 \u00een proiectul european \u201eFighting Fatigue Together\u201d, ini\u021biativ\u0103 lansat\u0103 de Funda\u021bia European\u0103 pentru Siguran\u021ba Pacientului (EUPSF). Aceast\u0103 colaborare strategic\u0103 reprezint\u0103 un angajament important \u00een [...]<\/p><\/div><\/article><article class=\"post fusion-column column col col-lg-4 col-md-4 col-sm-4\"><div class=\"fusion-flexslider flexslider flexslider-hover-type-none\"><ul class=\"slides\"><li><a href=\"https:\/\/oamrvalcea.ro\/index.php\/2024\/12\/19\/program-cu-publicul-pe-perioada-sarbatorilor\/\" class=\"hover-type-none\" aria-label=\"Program cu publicul pe perioada s\u0103rb\u0103torilor\"><img loading=\"lazy\" decoding=\"async\" width=\"700\" height=\"441\" src=\"https:\/\/oamrvalcea.ro\/wp-content\/uploads\/2020\/03\/female-nurse-examining-all-the-parameters-in-BNJANMB1-700x441.jpg\" class=\"attachment-recent-posts size-recent-posts\" alt=\"\" srcset=\"https:\/\/oamrvalcea.ro\/wp-content\/uploads\/2020\/03\/female-nurse-examining-all-the-parameters-in-BNJANMB1-320x202.jpg 320w, https:\/\/oamrvalcea.ro\/wp-content\/uploads\/2020\/03\/female-nurse-examining-all-the-parameters-in-BNJANMB1-700x441.jpg 700w\" sizes=\"(max-width: 700px) 100vw, 700px\" \/><\/a><\/li><\/ul><\/div><div class=\"recent-posts-content\"><span class=\"vcard\" style=\"display: none;\"><span class=\"fn\"><a href=\"https:\/\/oamrvalcea.ro\/index.php\/author\/oamrvalcea\/\" title=\"Posts by Oamr Valcea\" rel=\"author\">Oamr Valcea<\/a><\/span><\/span><span class=\"updated\" style=\"display:none;\">2024-12-19T11:39:47+02:00<\/span><h4 class=\"entry-title\"><a href=\"https:\/\/oamrvalcea.ro\/index.php\/2024\/12\/19\/program-cu-publicul-pe-perioada-sarbatorilor\/\">Program cu publicul pe perioada s\u0103rb\u0103torilor<\/a><\/h4><p class=\"meta\"><span class=\"vcard\" style=\"display: none;\"><span class=\"fn\"><a href=\"https:\/\/oamrvalcea.ro\/index.php\/author\/oamrvalcea\/\" title=\"Posts by Oamr Valcea\" rel=\"author\">Oamr Valcea<\/a><\/span><\/span><span class=\"updated\" style=\"display:none;\">2024-12-19T11:39:47+02:00<\/span><span>December 19th, 2024<\/span><span class=\"fusion-inline-sep\">|<\/span><span class=\"fusion-comments\"><a href=\"https:\/\/oamrvalcea.ro\/index.php\/2024\/12\/19\/program-cu-publicul-pe-perioada-sarbatorilor\/#respond\">0 Comments<\/a><\/span><\/p><p>24.12.2024 - 08:00 - 12:00 25.12.2024 - 29.12.2024 - Liber 30.12.2024 - 08:00 - 16:00 31.12.2024 - 08:00 - 12:00 01.01.2025 - 07.01.2025 - Liber Programul normal se va relua pe data de 08.01.2025<\/p><\/div><\/article><article class=\"post fusion-column column col col-lg-4 col-md-4 col-sm-4\"><div class=\"fusion-flexslider flexslider flexslider-hover-type-none\"><ul class=\"slides\"><li><a href=\"https:\/\/oamrvalcea.ro\/index.php\/2024\/11\/11\/certificatele-de-grad-principal-sesiunea-2024\/\" class=\"hover-type-none\" aria-label=\"CERTIFICATELE DE GRAD PRINCIPAL SESIUNEA 2024- ELIBERATE PERSONAL PE BAZA DE C.I.\"><img loading=\"lazy\" decoding=\"async\" width=\"600\" height=\"424\" src=\"https:\/\/oamrvalcea.ro\/wp-content\/uploads\/2024\/07\/anunt-1-600x424-1-copy2024.jpg\" class=\"attachment-recent-posts size-recent-posts\" alt=\"\" srcset=\"https:\/\/oamrvalcea.ro\/wp-content\/uploads\/2024\/07\/anunt-1-600x424-1-copy2024-200x141.jpg 200w, https:\/\/oamrvalcea.ro\/wp-content\/uploads\/2024\/07\/anunt-1-600x424-1-copy2024-300x212.jpg 300w, https:\/\/oamrvalcea.ro\/wp-content\/uploads\/2024\/07\/anunt-1-600x424-1-copy2024-400x283.jpg 400w, https:\/\/oamrvalcea.ro\/wp-content\/uploads\/2024\/07\/anunt-1-600x424-1-copy2024.jpg 600w\" sizes=\"(max-width: 600px) 100vw, 600px\" \/><\/a><\/li><\/ul><\/div><div class=\"recent-posts-content\"><span class=\"vcard\" style=\"display: none;\"><span class=\"fn\"><a href=\"https:\/\/oamrvalcea.ro\/index.php\/author\/oamrvalcea\/\" title=\"Posts by Oamr Valcea\" rel=\"author\">Oamr Valcea<\/a><\/span><\/span><span class=\"updated\" style=\"display:none;\">2024-11-11T10:24:52+02:00<\/span><h4 class=\"entry-title\"><a href=\"https:\/\/oamrvalcea.ro\/index.php\/2024\/11\/11\/certificatele-de-grad-principal-sesiunea-2024\/\">CERTIFICATELE DE GRAD PRINCIPAL SESIUNEA 2024- ELIBERATE PERSONAL PE BAZA DE C.I.<\/a><\/h4><p class=\"meta\"><span class=\"vcard\" style=\"display: none;\"><span class=\"fn\"><a href=\"https:\/\/oamrvalcea.ro\/index.php\/author\/oamrvalcea\/\" title=\"Posts by Oamr Valcea\" rel=\"author\">Oamr Valcea<\/a><\/span><\/span><span class=\"updated\" style=\"display:none;\">2024-11-11T10:24:52+02:00<\/span><span>November 11th, 2024<\/span><span class=\"fusion-inline-sep\">|<\/span><span class=\"fusion-comments\"><a href=\"https:\/\/oamrvalcea.ro\/index.php\/2024\/11\/11\/certificatele-de-grad-principal-sesiunea-2024\/#respond\">0 Comments<\/a><\/span><\/p><p>Certificatele de Grad principal sesiunea 2024 se vor elibera personal pe baz\u0103 de C.I.<\/p><\/div><\/article><\/section><\/div><div class=\"fusion-clearfix\"><\/div>\n\n\t\t\t\t\t<\/div>\n\t\t\t\t<\/div><\/div><\/div>\n","protected":false},"excerpt":{"rendered":"","protected":false},"author":1,"featured_media":0,"parent":0,"menu_order":0,"comment_status":"closed","ping_status":"closed","template":"","meta":{"footnotes":""},"yoast_head":"<!-- This site is optimized with the Yoast SEO plugin v18.6 - https:\/\/yoast.com\/wordpress\/plugins\/seo\/ -->\n<title>Exercitarea profesiei - OAMGMAMR<\/title>\n<meta name=\"robots\" content=\"index, follow, max-snippet:-1, max-image-preview:large, max-video-preview:-1\" \/>\n<link rel=\"canonical\" href=\"https:\/\/oamrvalcea.ro\/index.php\/exercitarea-profesiei\/\" \/>\n<meta property=\"og:locale\" content=\"en_US\" \/>\n<meta property=\"og:type\" content=\"article\" \/>\n<meta property=\"og:title\" content=\"Exercitarea profesiei - OAMGMAMR\" \/>\n<meta property=\"og:url\" content=\"https:\/\/oamrvalcea.ro\/index.php\/exercitarea-profesiei\/\" \/>\n<meta property=\"og:site_name\" content=\"OAMGMAMR\" \/>\n<meta property=\"article:modified_time\" content=\"2019-01-26T18:17:25+00:00\" \/>\n<meta name=\"twitter:card\" content=\"summary_large_image\" \/>\n<meta name=\"twitter:label1\" content=\"Est. reading time\" \/>\n\t<meta name=\"twitter:data1\" content=\"1 minute\" \/>\n<script type=\"application\/ld+json\" class=\"yoast-schema-graph\">{\"@context\":\"https:\/\/schema.org\",\"@graph\":[{\"@type\":\"WebSite\",\"@id\":\"https:\/\/oamrvalcea.ro\/#website\",\"url\":\"https:\/\/oamrvalcea.ro\/\",\"name\":\"OAMGMAMR\",\"description\":\"Filiala V\u00e2lcea\",\"potentialAction\":[{\"@type\":\"SearchAction\",\"target\":{\"@type\":\"EntryPoint\",\"urlTemplate\":\"https:\/\/oamrvalcea.ro\/?s={search_term_string}\"},\"query-input\":\"required name=search_term_string\"}],\"inLanguage\":\"en-US\"},{\"@type\":\"WebPage\",\"@id\":\"https:\/\/oamrvalcea.ro\/index.php\/exercitarea-profesiei\/#webpage\",\"url\":\"https:\/\/oamrvalcea.ro\/index.php\/exercitarea-profesiei\/\",\"name\":\"Exercitarea profesiei - OAMGMAMR\",\"isPartOf\":{\"@id\":\"https:\/\/oamrvalcea.ro\/#website\"},\"datePublished\":\"2019-01-26T18:16:24+00:00\",\"dateModified\":\"2019-01-26T18:17:25+00:00\",\"breadcrumb\":{\"@id\":\"https:\/\/oamrvalcea.ro\/index.php\/exercitarea-profesiei\/#breadcrumb\"},\"inLanguage\":\"en-US\",\"potentialAction\":[{\"@type\":\"ReadAction\",\"target\":[\"https:\/\/oamrvalcea.ro\/index.php\/exercitarea-profesiei\/\"]}]},{\"@type\":\"BreadcrumbList\",\"@id\":\"https:\/\/oamrvalcea.ro\/index.php\/exercitarea-profesiei\/#breadcrumb\",\"itemListElement\":[{\"@type\":\"ListItem\",\"position\":1,\"name\":\"Home\",\"item\":\"https:\/\/oamrvalcea.ro\/\"},{\"@type\":\"ListItem\",\"position\":2,\"name\":\"Exercitarea profesiei\"}]}]}<\/script>\n<!-- \/ Yoast SEO plugin. -->","yoast_head_json":{"title":"Exercitarea profesiei - OAMGMAMR","robots":{"index":"index","follow":"follow","max-snippet":"max-snippet:-1","max-image-preview":"max-image-preview:large","max-video-preview":"max-video-preview:-1"},"canonical":"https:\/\/oamrvalcea.ro\/index.php\/exercitarea-profesiei\/","og_locale":"en_US","og_type":"article","og_title":"Exercitarea profesiei - OAMGMAMR","og_url":"https:\/\/oamrvalcea.ro\/index.php\/exercitarea-profesiei\/","og_site_name":"OAMGMAMR","article_modified_time":"2019-01-26T18:17:25+00:00","twitter_card":"summary_large_image","twitter_misc":{"Est. reading time":"1 minute"},"schema":{"@context":"https:\/\/schema.org","@graph":[{"@type":"WebSite","@id":"https:\/\/oamrvalcea.ro\/#website","url":"https:\/\/oamrvalcea.ro\/","name":"OAMGMAMR","description":"Filiala V\u00e2lcea","potentialAction":[{"@type":"SearchAction","target":{"@type":"EntryPoint","urlTemplate":"https:\/\/oamrvalcea.ro\/?s={search_term_string}"},"query-input":"required name=search_term_string"}],"inLanguage":"en-US"},{"@type":"WebPage","@id":"https:\/\/oamrvalcea.ro\/index.php\/exercitarea-profesiei\/#webpage","url":"https:\/\/oamrvalcea.ro\/index.php\/exercitarea-profesiei\/","name":"Exercitarea profesiei - OAMGMAMR","isPartOf":{"@id":"https:\/\/oamrvalcea.ro\/#website"},"datePublished":"2019-01-26T18:16:24+00:00","dateModified":"2019-01-26T18:17:25+00:00","breadcrumb":{"@id":"https:\/\/oamrvalcea.ro\/index.php\/exercitarea-profesiei\/#breadcrumb"},"inLanguage":"en-US","potentialAction":[{"@type":"ReadAction","target":["https:\/\/oamrvalcea.ro\/index.php\/exercitarea-profesiei\/"]}]},{"@type":"BreadcrumbList","@id":"https:\/\/oamrvalcea.ro\/index.php\/exercitarea-profesiei\/#breadcrumb","itemListElement":[{"@type":"ListItem","position":1,"name":"Home","item":"https:\/\/oamrvalcea.ro\/"},{"@type":"ListItem","position":2,"name":"Exercitarea profesiei"}]}]}},"_links":{"self":[{"href":"https:\/\/oamrvalcea.ro\/index.php\/wp-json\/wp\/v2\/pages\/12197"}],"collection":[{"href":"https:\/\/oamrvalcea.ro\/index.php\/wp-json\/wp\/v2\/pages"}],"about":[{"href":"https:\/\/oamrvalcea.ro\/index.php\/wp-json\/wp\/v2\/types\/page"}],"author":[{"embeddable":true,"href":"https:\/\/oamrvalcea.ro\/index.php\/wp-json\/wp\/v2\/users\/1"}],"replies":[{"embeddable":true,"href":"https:\/\/oamrvalcea.ro\/index.php\/wp-json\/wp\/v2\/comments?post=12197"}],"version-history":[{"count":3,"href":"https:\/\/oamrvalcea.ro\/index.php\/wp-json\/wp\/v2\/pages\/12197\/revisions"}],"predecessor-version":[{"id":12200,"href":"https:\/\/oamrvalcea.ro\/index.php\/wp-json\/wp\/v2\/pages\/12197\/revisions\/12200"}],"wp:attachment":[{"href":"https:\/\/oamrvalcea.ro\/index.php\/wp-json\/wp\/v2\/media?parent=12197"}],"curies":[{"name":"wp","href":"https:\/\/api.w.org\/{rel}","templated":true}]}}